highest common factor of 3922 and 191438?
74
Calculate the highest common divisor of 24451 and 29441.
499
Calculate the greatest common factor of 38 and 368.
2
Calculate the greatest common divisor of 700 and 3444.
28
What is the highest common factor of 1266 and 135?
3
What is the greatest common factor of 187362 and 1008?
126
What is the highest common factor of 15642 and 495?
99
What is the greatest common factor of 385854 and 126?
42
Calculate the greatest common factor of 2599 and 16491.
23
What is the highest common divisor of 1088 and 16448?
64
Calculate the greatest common factor of 16528 and 40.
8
Calculate the highest common factor of 2048 and 59264.
128
Calculate the highest common factor of 2226 and 9642.
6
What is the highest common divisor of 182 and 420511?
91
Calculate the highest common factor of 29424 and 384.
48
Calculate the greatest common factor of 165 and 16885.
55
What is the greatest common factor of 5824 and 105?
7
Calculate the greatest common divisor of 17600 and 2800.
400
Calculate the greatest common factor of 34150 and 19807.
683
What is the greatest common divisor of 1902502 and 14?
14
What is the highest common divisor of 1841542 and 34?
34
Calculate the highest common divisor of 45 and 422635.
5
What is the highest common factor of 8032 and 608?
32
What is the greatest common divisor of 750 and 32475?
75
Calculate the highest common factor of 854904 and 1393.
199
Calculate the highest common divisor of 2065 and 28.
7
What is the greatest common factor of 1550342 and 376?
94
Calculate the highest common factor of 108 and 63900.
36
What is the greatest common divisor of 102 and 44846?
34
Calculate the greatest common factor of 208 and 17459.
13
Calculate the greatest common factor of 308553 and 294.
147
What is the highest common factor of 1859 and 35464?
143
What is the highest common factor of 229180 and 14?
14
What is the highest common factor of 252645 and 75?
15
What is the highest common factor of 37004 and 12?
4
What is the greatest common factor of 3765046 and 332?
166
What is the highest common factor of 372547 and 49?
49
Calculate the greatest common factor of 1245 and 645.
15
What is the greatest common factor of 40 and 29899240?
40
Calculate the greatest common divisor of 31342086 and 54.
54
Calculate the highest common divisor of 629 and 7215.
37
What is the highest common divisor of 312 and 16452?
12
Calculate the greatest common divisor of 104 and 1145521.
13
Calculate the highest common factor of 49062 and 444.
222
Calculate the greatest common factor of 33 and 5106.
3
What is the highest common divisor of 750625 and 5000?
625
Calculate the greatest common factor of 462 and 12089.
77
Calculate the highest common divisor of 97656 and 312.
312
What is the highest common divisor of 799 and 62169?
17
Calculate the greatest common divisor of 95 and 21865.
5
What is the highest common factor of 1695552 and 192?
192
What is the greatest common factor of 39989 and 4?
1
Calculate the greatest common divisor of 2260338 and 1032.
258
Calculate the greatest common factor of 28430 and 160.
10
What is the highest common divisor of 55936 and 4066?
38
Calculate the highest common factor of 26 and 227773.
13
Calculate the highest common divisor of 34 and 1065152.
34
Calculate the highest common divisor of 4420810 and 2.
2
Calculate the greatest common divisor of 806 and 4940.
26
What is the greatest common divisor of 1456 and 4250792?
728
What is the greatest common divisor of 336 and 9604?
28
Calculate the highest common divisor of 2196061 and 854.
427
Calculate the greatest common factor of 511769 and 1228.
307
What is the highest common factor of 5 and 101637?
1
Calculate the greatest common divisor of 5754 and 7000.
14
What is the highest common factor of 956651 and 409?
409
What is the highest common factor of 26091 and 234?
117
What is the greatest common factor of 33824 and 1120?
224
What is the highest common divisor of 16958 and 732?
122
What is the greatest common divisor of 198 and 32714?
22
What is the highest common divisor of 5080 and 5000?
40
What is the greatest common divisor of 2523430 and 329?
329
Calculate the greatest common divisor of 3741 and 435.
87
Calculate the greatest common divisor of 146065 and 2453.
223
Calculate the greatest common factor of 8708 and 112.
28
What is the highest common divisor of 3096 and 336?
24
What is the highest common factor of 318 and 508058?
106
Calculate the highest common divisor of 407070 and 1440.
90
What is the highest common divisor of 32 and 51080?
8
Calculate the greatest common divisor of 8588 and 4.
4
What is the highest common divisor of 10 and 10610?
10
Calculate the highest common divisor of 369399 and 177.
177
Calculate the greatest common factor of 1498630 and 632.
158
Calculate the greatest common divisor of 175 and 2448740.
35
Calculate the greatest common factor of 4244 and 44.
4
What is the highest common divisor of 47531 and 745?
149
What is the highest common divisor of 8 and 117464?
8
Calculate the highest common factor of 7296 and 1444.
76
Calculate the highest common divisor of 1140 and 2755.
95
Calculate the greatest common factor of 1632 and 65472.
96
Calculate the highest common divisor of 3406 and 209076.
262
Calculate the greatest common factor of 417970 and 490.
490
What is the highest common divisor of 192 and 1129088?
64
Calculate the greatest common factor of 227752 and 664.
664
Calculate the greatest common divisor of 36 and 62838.
18
What is the greatest common factor of 404759 and 129?
43
What is the highest common divisor of 7567 and 112?
7
Calculate the greatest common factor of 834 and 80342.
278
What is the highest common divisor of 10143 and 34569?
207
Calculate the greatest common divisor of 677938 and 344.
86
Calculate the greatest common factor of 1544 and 473236.
772
Calculate the highest common factor of 49365 and 45.
45
What is the greatest common factor of 696540 and 572?
52
What is the highest common factor of 1554 and 1221?
111
Calculate the highest common factor of 175 and 792425.
25
What is the highest common divisor of 15952 and 128?
16
Calculate the highest common divisor of 289974 and 93.
93
Calculate the greatest common factor of 663277 and 14247.
1583
Calculate the greatest common factor of 116436 and 124.
124
What is the highest common factor of 875 and 405370?
35
What is the greatest common factor of 352 and 11011?
11
Calculate the highest common factor of 276472 and 4.
4
What is the greatest common divisor of 730 and 103295?
365
Calculate the highest common factor of 27153 and 252.
63
What is the highest common factor of 558 and 4968?
18
Calculate the highest common divisor of 160 and 6661360.
80
What is the highest common factor of 64 and 6552?
8
Calculate the greatest common factor of 1 and 1434707.
1
What is the highest common factor of 71033 and 1255?
251
What is the greatest common divisor of 23554 and 2?
2
What is the highest common factor of 9540 and 2628?
36
Calculate the highest common factor of 175882 and 1904.
238
Calculate the highest common factor of 175383 and 351.
117
What is the greatest common factor of 40217 and 1535?
307
Calculate the highest common factor of 1101 and 240.
3
Calculate the highest common divisor of 185 and 7844.
37
What is the highest common divisor of 1958 and 81079?
89
Calculate the highest common factor of 5 and 569.
1
Calculate the highest common factor of 1586 and 2678.
26
Calculate the greatest common factor of 117 and 9152.
13
Calculate the highest common divisor of 10693 and 221.
17
What is the highest common factor of 200 and 712?
8
What is the greatest common divisor of 4311040 and 60?
20
What is the greatest common divisor of 272 and 1264?
16
What is the highest common divisor of 72 and 115866?
18
Calculate the highest common factor of 261 and 7627.
29
What is the greatest common divisor of 464 and 30416?
16
What is the greatest common divisor of 253 and 5192?
11
What is the greatest common factor of 147909 and 282?
141
What is the greatest common factor of 84 and 296988?
12
What is the greatest common factor of 1002 and 3507?
501
Calculate the highest common divisor of 3428 and 1420906.
1714
Calculate the highest common divisor of 100 and 2125.
25
C